at is 101 + -2010220?
-2010112
In base 12, what is -3 + 27?
24
In base 11, what is -39 - -a?
-2a
In base 15, what is -10a + -5?
-110
In base 8, what is 4 + 52?
56
In base 10, what is 1968 + 1?
1969
In base 8, what is 1 - 5230?
-5227
In base 11, what is 2 + -287a?
-2878
In base 10, what is -5 + 4?
-1
In base 15, what is 109 - 3?
106
In base 7, what is -54 + 0?
-54
In base 4, what is -21201 + 10?
-21131
In base 4, what is 3 - 131?
-122
In base 8, what is -2 - 5464?
-5466
In base 7, what is 5324 + 1?
5325
In base 11, what is 30 - 5?
26
In base 2, what is -110100 - 0?
-110100
In base 15, what is -16 + 30?
19
In base 15, what is -3 + -21ae?
-21b2
In base 11, what is -22 - 77?
-99
In base 4, what is 201020 - -1?
201021
In base 13, what is 5 + a37?
a3c
In base 11, what is -135 + 4?
-131
In base 9, what is 112 + 5?
117
In base 8, what is -6670 - 1?
-6671
In base 5, what is -2 + 1024?
1022
In base 4, what is 3220 + 12?
3232
In base 12, what is -175 - 4?
-179
In base 8, what is -341 + -5?
-346
In base 13, what is 4 + -43?
-3c
In base 6, what is 1 + 200?
201
In base 10, what is 169 + 2?
171
In base 9, what is 50761 - 3?
50757
In base 11, what is -15 + -51?
-66
In base 6, what is -5 + 13543?
13534
In base 15, what is -4 - 9bb?
-9c0
In base 8, what is 2265 - 4?
2261
In base 15, what is -21 + 15?
-b
In base 11, what is -29 + -377?
-3a5
In base 6, what is 0 - 13211?
-13211
In base 2, what is 100110001 - -1011101?
110001110
In base 4, what is -10 - -122?
112
In base 3, what is 120210 - 100?
120110
In base 13, what is 8 - -1c?
27
In base 15, what is -2 - -33?
31
In base 8, what is 4 + 164?
170
In base 7, what is -103 - -13?
-60
In base 13, what is 1aca - -5?
1b02
In base 9, what is 5 - 41?
-35
In base 16, what is 4 - 5a?
-56
In base 8, what is -10 - 2264?
-2274
In base 12, what is -18 + 3?
-15
In base 7, what is 4 - 46?
-42
In base 12, what is 2 + -13b?
-139
In base 16, what is 1 + ec6?
ec7
In base 10, what is 5 - -820?
825
In base 8, what is -36 - -407?
351
In base 7, what is -31 - 46?
-110
In base 8, what is 6 - -14?
22
In base 14, what is 709 - 2?
707
In base 13, what is 17c + 1?
180
In base 12, what is 3 + 60?
63
In base 15, what is 84 - -29?
ad
In base 15, what is 19 - 24?
-a
In base 7, what is -110 - 1?
-111
In base 16, what is -19 - -d?
-c
In base 3, what is -1001110 + -11?
-1001121
In base 3, what is 1121 - -102?
2000
In base 14, what is -13 + -55?
-68
In base 8, what is 11 + -14?
-3
In base 11, what is 1401 - -1?
1402
In base 8, what is 531 - -3?
534
In base 16, what is -413 + -a?
-41d
In base 2, what is -111 + 11?
-100
In base 10, what is 287 + 3?
290
In base 12, what is 3b - 7?
34
In base 6, what is -1054 - -14?
-1040
In base 9, what is -4 - 378?
-383
In base 10, what is 130 + -5?
125
In base 5, what is 33442 - -10?
34002
In base 13, what is 934a + -2?
9348
In base 2, what is 10 - 11011110?
-11011100
In base 5, what is -142202 - 1?
-142203
In base 3, what is -11221 + -10?
-12001
In base 15, what is -150 + -2?
-152
In base 16, what is -1b - -14?
-7
In base 15, what is -4 + 10?
b
In base 6, what is -3 + -424?
-431
In base 9, what is -1541 - 1?
-1542
In base 12, what is 47 + -11?
36
In base 2, what is -1101100001 + 100?
-1101011101
In base 13, what is 0 - -3c6?
3c6
In base 2, what is 101 - 11?
10
In base 10, what is -5 - 28?
-33
In base 9, what is 0 + -565?
-565
In base 7, what is 230 + 3?
233
In base 13, what is 316 + -2?
314
In base 12, what is 0 - 2484?
-2484
In base 9, what is -2 + -138?
-141
In base 11, what is -232 - -4?
-229
In base 7, what is -5 - -365?
360
In base 9, what is 1153 + -2?
1151
In base 16, what is 1 - 24?
-23
In base 2, what is -110101 + -110?
-111011
In base 13, what is -3 + 179a?
1797
In base 9, what is 1 - 2688?
-2687
In base 8, what is -5 + 527?
522
In base 6, what is -12 - -51?
35
In base 6, what is 1 + -332?
-331
In base 12, what is -6 + aa?
a4
In base 10, what is 250 + -1?
249
In base 8, what is 105 + 40?
145
In base 14, what is 1 + -80?
-7d
In base 12, what is 69 - -2?
6b
In base 9, what is 26 + 31?
57
In base 10, what is 2922 + -4?
2918
In base 11, what is 4 + -236?
-232
In base 3, what is 2 - -100010?
100012
In base 3, what is 2 + 2120?
2122
In base 10, what is 4 + -2262?
-2258
In base 16, what is 8 - -197?
19f
In base 11, what is -4 + 456?
452
In base 9, what is 3 - 5416?
-5413
In base 8, what is 145 - 0?
145
In base 16, what is 4 - 66?
-62
In base 6, what is -1 + 325?
324
In base 14, what is -29 + 1d?
-a
In base 14, what is cc6b + 5?
cc72
In base 15, what is -86 - 2d?
-b4
In base 7, what is 54 + 45?
132
In base 3, what is -112102100 - 11?
-112102111
In base 9, what is 1 + -570?
-568
In base 14, what is -8 + -1?
-9
In base 15, what is 4 + e73?
e77
In base 2, what is -101110 - 110?
-110100
In base 12, what is 1 - 1594?
-1593
In base 15, what is -2 - -c1?
be
In base 7, what is -614 - -1?
-613
In base 14, what is -491 - 2?
-493
In base 9, what is -308 + -16?
-325
In base 3, what is 110 - 2111?
-2001
In base 5, what is 10433 - -4?
10442
In base 12, what is -5 + 31?
28
In base 5, what is 113 + -34?
24
In base 15, what is a + 0?
a
In base 15, what is 1c - -96?
b3
In base 16, what is 558 - -1?
559
In base 4, what is -2332 - -3?
-2323
In base 5, what is -3344 + 0?
-3344
In base 14, what is b8 - -4?
bc
In base 11, what is -5 - -145?
140
In base 14, what is 5 + -9?
-4
In base 6, what is 4 - -2052?
2100
In base 16, what is -10 - 38?
-48
In base 11, what is -857 + 5?
-852
In base 9, what is -76 + 1?
-75
In base 2, what is 1001101010 + -1?
1001101001
In base 9, what is -42 - -2?
-40
In base 3, what is 211020 + -2?
211011
In base 7, what is 151 - -223?
404
In base 14, what is 6 - -6?
c
In base 3, what is -2010 - 12?
-2022
In base 11, what is -23 - 14a?
-172
In base 14, what is 2 + -5?
-3
In base 6, what is 2334 + 10?
2344
In base 10, what is 3 + 170?
173
In base 11, what is -3 - -56?
53
In base 12, what is -6 + -2436?
-2440
In base 8, what is 2 + -153?
-151
In base 16, what is -ee0 + 5?
-edb
In base 16, what is -84 - 1?
-85
In base 11, what is 2 - -357?
359
In base 7, what is -42 - 63?
-135
In base 3, what is 120 - -111?
1001
In base 12, what is -40 - 5?
-45
In base 10, what is -258 - 1?
-259
In base 15, what is -4 + -3c?
-41
In base 8, what is 6 - -523?
531
In base 9, what is 128 - -72?
211
In base 2, what is -111001011 + 10?
-111001001
In base 13, what is -29 + 3c?
13
In base 2, what is 110001010 - 10111?
101110011
In base 16, what is 5 + 4c?
51
In base 13, what is 2 - 27?
-25
In base 7, what is 405 + -65?
310
In base 5, what is 123 + 114?
242
In base 3, what is -10 + 2020102?
2020022
In base 4, what is 100012 + 3?
100021
In base 10, what is 674 + 14?
688
In base 3, what is -11 + 10202000?
10201212
In base 14, what is b6 + -7?
ad
In base 16, what is -1 + -6d4?
-6d5
In base 14, what is -2d + 10?
-1d
In base 3, what is -1110 - -21012?
12202
In base 14, what is 1 - -177?
178
In base 15, what is -1 - -3?
2
In base 5, what is 11 - 2?
4
In base 10, what is 22 + 5?
27
In base 2, what is 1 - 10101001010?
-10101001001
In base 13, what is -5 - -b?
6
In base 7, what is 3 - 6?
-3
In base 15, what is 2 - -46?
48
In base 14, what is -96 - 4?
-9a
In base 4, what is 10 - -113003?
113013
In base 9, what is 176 - -1?
177
In base 5, what is 0 + -3?
-3
In base 9, what is 21 - 45?
-24
In base 14, what is -8 - -39?
31
In base 13, what is -4 - -15b0?
15a9
In base 14, what is -3b2 - -3?
-3ad
In base 12, what is -2 - 48?
-4a
In base 5, what is -4 + -120?
-124
In base 15, what is -5 + 18e?
189
In base 3, what is 11 + 100221?
101002
In base 16, what is -1c8 + 4?
-1c4
In base 16, what is -97 - 3?
-9a
In base 12, what is 245 - 0?
245
In base 11, what is 273 + 1?
274
In base 6, what is -2 - -2355?
2353
In base 12, what is 151 - 15?
138
In base 3, what is -201102 + 0?
-201102
In base 4, what is 100 - -101133?
101233
In base 10, what is -2220 + -6?
-2226
In base 12, what is -77 - 27?
-a2
In base 8, what is 47 + 27?
76
In base 6, what is -12 + 40?
24
In base 7, what is 404 + 11?
415
In base 2, what is 1011111 + -11?
1011100
In base 2, what is -1011101 - -11?
-1011010
In base 10, what is 51 - 20?
31
In base 7, what is 22 + -160?
-135
In base 8, what is 127 - -43?
172
In base 15, what is -25a + -5?
-260
In base 8, what is -3 + -257?
-262
In base 11, what is 25 